s divided by 365?
18
What is the remainder when 350 is divided by 21?
14
What is the remainder when 8970 is divided by 2988?
6
What is the remainder when 450 is divided by 67?
48
Calculate the remainder when 49 is divided by 6.
1
Calculate the remainder when 55 is divided by 19.
17
Calculate the remainder when 112 is divided by 3.
1
What is the remainder when 34460 is divided by 11?
8
Calculate the remainder when 263 is divided by 2.
1
Calculate the remainder when 900 is divided by 294.
18
What is the remainder when 492 is divided by 80?
12
Calculate the remainder when 606 is divided by 156.
138
What is the remainder when 150 is divided by 66?
18
What is the remainder when 621 is divided by 24?
21
Calculate the remainder when 872 is divided by 110.
102
What is the remainder when 253 is divided by 127?
126
Calculate the remainder when 2949 is divided by 295.
294
Calculate the remainder when 113 is divided by 3.
2
What is the remainder when 485 is divided by 67?
16
What is the remainder when 654 is divided by 94?
90
What is the remainder when 976 is divided by 17?
7
Calculate the remainder when 783 is divided by 85.
18
What is the remainder when 2195 is divided by 49?
39
Calculate the remainder when 271 is divided by 61.
27
Calculate the remainder when 933 is divided by 67.
62
What is the remainder when 1732 is divided by 570?
22
Calculate the remainder when 3790 is divided by 8.
6
Calculate the remainder when 422 is divided by 53.
51
What is the remainder when 91 is divided by 28?
7
What is the remainder when 2742 is divided by 5?
2
Calculate the remainder when 35104 is divided by 119.
118
What is the remainder when 474 is divided by 119?
117
Calculate the remainder when 336 is divided by 69.
60
Calculate the remainder when 644 is divided by 18.
14
Calculate the remainder when 3709 is divided by 8.
5
What is the remainder when 1382 is divided by 7?
3
What is the remainder when 507 is divided by 28?
3
Calculate the remainder when 54 is divided by 34.
20
Calculate the remainder when 1866 is divided by 233.
2
Calculate the remainder when 72 is divided by 41.
31
Calculate the remainder when 1002 is divided by 993.
9
What is the remainder when 84 is divided by 6?
0
What is the remainder when 45 is divided by 28?
17
What is the remainder when 2908 is divided by 52?
48
What is the remainder when 75 is divided by 14?
5
Calculate the remainder when 201 is divided by 50.
1
Calculate the remainder when 316 is divided by 20.
16
Calculate the remainder when 82 is divided by 22.
16
Calculate the remainder when 597 is divided by 158.
123
Calculate the remainder when 5178 is divided by 74.
72
What is the remainder when 293 is divided by 94?
11
Calculate the remainder when 134 is divided by 15.
14
Calculate the remainder when 1618 is divided by 107.
13
What is the remainder when 1276 is divided by 80?
76
What is the remainder when 97 is divided by 44?
9
Calculate the remainder when 710 is divided by 91.
73
Calculate the remainder when 217 is divided by 71.
4
Calculate the remainder when 70 is divided by 48.
22
Calculate the remainder when 298 is divided by 104.
90
Calculate the remainder when 472 is divided by 155.
7
What is the remainder when 790 is divided by 133?
125
Calculate the remainder when 4126 is divided by 1371.
13
Calculate the remainder when 257 is divided by 66.
59
What is the remainder when 187 is divided by 96?
91
Calculate the remainder when 349 is divided by 10.
9
Calculate the remainder when 462 is divided by 77.
0
Calculate the remainder when 430 is divided by 19.
12
What is the remainder when 20 is divided by 10?
0
What is the remainder when 485 is divided by 153?
26
What is the remainder when 278 is divided by 20?
18
Calculate the remainder when 167 is divided by 44.
35
Calculate the remainder when 1654 is divided by 72.
70
Calculate the remainder when 6299 is divided by 150.
149
What is the remainder when 101 is divided by 8?
5
Calculate the remainder when 463 is divided by 52.
47
What is the remainder when 109 is divided by 108?
1
Calculate the remainder when 349 is divided by 121.
107
Calculate the remainder when 315 is divided by 115.
85
What is the remainder when 1014 is divided by 63?
6
Calculate the remainder when 389 is divided by 13.
12
What is the remainder when 190 is divided by 82?
26
What is the remainder when 520 is divided by 2?
0
Calculate the remainder when 2981 is divided by 115.
106
Calculate the remainder when 1285 is divided by 58.
9
What is the remainder when 302 is divided by 151?
0
Calculate the remainder when 20413 is divided by 176.
173
Calculate the remainder when 110 is divided by 60.
50
What is the remainder when 610 is divided by 144?
34
What is the remainder when 202 is divided by 12?
10
Calculate the remainder when 4313 is divided by 539.
1
What is the remainder when 463 is divided by 78?
73
Calculate the remainder when 69 is divided by 59.
10
Calculate the remainder when 1268 is divided by 220.
168
What is the remainder when 272 is divided by 3?
2
Calculate the remainder when 177 is divided by 18.
15
Calculate the remainder when 550 is divided by 139.
133
Calculate the remainder when 419 is divided by 28.
27
Calculate the remainder when 482 is divided by 117.
14
Calculate the remainder when 463 is divided by 240.
223
What is the remainder when 2767 is divided by 173?
172
What is the remainder when 829 is divided by 94?
77
Calculate the remainder when 1298 is divided by 40.
18
Calculate the remainder when 22843 is divided by 357.
352
What is the remainder when 2095 is divided by 237?
199
What is the remainder when 261 is divided by 22?
19
Calculate the remainder when 65 is divided by 39.
26
Calculate the remainder when 895 is divided by 64.
63
What is the remainder when 406 is divided by 140?
126
Calculate the remainder when 1236 is divided by 139.
124
Calculate the remainder when 3195 is divided by 17.
16
Calculate the remainder when 1268 is divided by 37.
10
What is the remainder when 506 is divided by 128?
122
Calculate the remainder when 228 is divided by 67.
27
What is the remainder when 483 is divided by 106?
59
What is the remainder when 513 is divided by 24?
9
Calculate the remainder when 432 is divided by 23.
18
Calculate the remainder when 101 is divided by 72.
29
What is the remainder when 27 is divided by 16?
11
Calculate the remainder when 83 is divided by 64.
19
Calculate the remainder when 102 is divided by 26.
24
What is the remainder when 35 is divided by 32?
3
Calculate the remainder when 516 is divided by 134.
114
Calculate the remainder when 84 is divided by 43.
41
What is the remainder when 468 is divided by 10?
8
What is the remainder when 1232 is divided by 19?
16
What is the remainder when 5360 is divided by 2672?
16
Calculate the remainder when 250 is divided by 3.
1
Calculate the remainder when 56 is divided by 28.
0
What is the remainder when 312 is divided by 45?
42
What is the remainder when 1812 is divided by 184?
156
What is the remainder when 869 is divided by 390?
89
What is the remainder when 640 is divided by 130?
120
Calculate the remainder when 266 is divided by 30.
26
Calculate the remainder when 863 is divided by 174.
167
What is the remainder when 85 is divided by 31?
23
Calculate the remainder when 114 is divided by 31.
21
Calculate the remainder when 179 is divided by 6.
5
What is the remainder when 403 is divided by 5?
3
Calculate the remainder when 184 is divided by 61.
1
Calculate the remainder when 16 is divided by 11.
5
Calculate the remainder when 583 is divided by 13.
11
What is the remainder when 191 is divided by 16?
15
What is the remainder when 1011 is divided by 336?
3
What is the remainder when 296 is divided by 139?
18
What is the remainder when 171 is divided by 43?
42
What is the remainder when 121 is divided by 47?
27
Calculate the remainder when 1162 is divided by 310.
232
Calculate the remainder when 1224 is divided by 139.
112
Calculate the remainder when 3759 is divided by 15.
9
What is the remainder when 135 is divided by 73?
62
Calculate the remainder when 3882 is divided by 90.
12
Calculate the remainder when 451 is divided by 119.
94
What is the remainder when 109 is divided by 10?
9
Calculate the remainder when 224 is divided by 224.
0
